6?
3
What is the ten thousands digit of 25267?
2
What is the thousands digit of 43803?
3
What is the tens digit of 3186?
8
What is the units digit of 2239?
9
What is the hundreds digit of 11289?
2
What is the tens digit of 15959?
5
What is the units digit of 386?
6
What is the tens digit of 24462?
6
What is the tens digit of 1809?
0
What is the hundreds digit of 105311?
3
What is the hundreds digit of 2661?
6
What is the hundreds digit of 3957?
9
What is the hundreds digit of 775?
7
What is the hundreds digit of 20357?
3
What is the thousands digit of 3990?
3
What is the thousands digit of 1712?
1
What is the thousands digit of 122109?
2
What is the thousands digit of 20866?
0
What is the ten thousands digit of 53094?
5
What is the tens digit of 40413?
1
What is the units digit of 89352?
2
What is the hundreds digit of 97216?
2
What is the tens digit of 10316?
1
What is the hundreds digit of 818?
8
What is the thousands digit of 86615?
6
What is the tens digit of 48691?
9
What is the units digit of 21515?
5
What is the thousands digit of 21171?
1
What is the ten thousands digit of 81109?
8
What is the tens digit of 71191?
9
What is the thousands digit of 7687?
7
What is the units digit of 5262?
2
What is the hundreds digit of 575?
5
What is the tens digit of 397?
9
What is the units digit of 60283?
3
What is the hundred thousands digit of 126434?
1
What is the units digit of 44079?
9
What is the thousands digit of 12913?
2
What is the tens digit of 6962?
6
What is the hundreds digit of 144418?
4
What is the tens digit of 4964?
6
What is the tens digit of 1361?
6
What is the thousands digit of 1912?
1
What is the ten thousands digit of 114157?
1
What is the thousands digit of 1450?
1
What is the hundreds digit of 9910?
9
What is the hundreds digit of 53985?
9
What is the ten thousands digit of 17961?
1
What is the tens digit of 21597?
9
What is the units digit of 1013?
3
What is the hundreds digit of 2765?
7
What is the thousands digit of 8939?
8
What is the tens digit of 3543?
4
What is the tens digit of 1024?
2
What is the hundreds digit of 11704?
7
What is the units digit of 39631?
1
What is the hundreds digit of 1243?
2
What is the hundreds digit of 3997?
9
What is the units digit of 7767?
7
What is the tens digit of 268?
6
What is the hundreds digit of 7601?
6
What is the ten thousands digit of 22723?
2
What is the hundreds digit of 53664?
6
What is the hundred thousands digit of 188811?
1
What is the hundreds digit of 683?
6
What is the hundreds digit of 802?
8
What is the units digit of 1953?
3
What is the tens digit of 37897?
9
What is the hundreds digit of 3699?
6
What is the thousands digit of 8689?
8
What is the thousands digit of 4026?
4
What is the hundreds digit of 91041?
0
What is the thousands digit of 27804?
7
What is the units digit of 174?
4
What is the tens digit of 13968?
6
What is the hundreds digit of 5224?
2
What is the units digit of 1054?
4
What is the hundreds digit of 10998?
9
What is the units digit of 18038?
8
What is the tens digit of 22638?
3
What is the thousands digit of 12446?
2
What is the tens digit of 2954?
5
What is the hundreds digit of 311?
3
What is the tens digit of 18351?
5
What is the thousands digit of 8209?
8
What is the thousands digit of 6291?
6
What is the ten thousands digit of 38454?
3
What is the units digit of 810?
0
What is the thousands digit of 4570?
4
What is the hundreds digit of 10176?
1
What is the tens digit of 111651?
5
What is the tens digit of 1550?
5
What is the units digit of 743?
3
What is the units digit of 3075?
5
What is the ten thousands digit of 20353?
2
What is the ten thousands digit of 13560?
1
What is the thousands digit of 57288?
7
What is the tens digit of 987?
8
What is the hundreds digit of 11183?
1
What is the units digit of 47624?
4
What is the tens digit of 145104?
0
What is the thousands digit of 1082?
1
What is the units digit of 317?
7
What is the tens digit of 248?
4
What is the units digit of 176?
6
What is the hundreds digit of 99803?
8
What is the tens digit of 36342?
4
What is the hundreds digit of 5507?
5
What is the hundreds digit of 3005?
0
What is the tens digit of 58077?
7
What is the hundreds digit of 36032?
0
What is the thousands digit of 72556?
2
What is the units digit of 1289?
9
What is the thousands digit of 2230?
2
What is the thousands digit of 4165?
4
What is the tens digit of 85103?
0
What is the tens digit of 339?
3
What is the tens digit of 13?
1
What is the hundreds digit of 642?
6
What is the tens digit of 21088?
8
What is the units digit of 139697?
7
What is the units digit of 6782?
2
What is the tens digit of 284?
8
What is the ten thousands digit of 12384?
1
What is the units digit of 1022?
2
What is the thousands digit of 3393?
3
What is the hundreds digit of 289?
2
What is the ten thousands digit of 21961?
2
What is the hundreds digit of 77828?
8
What is the thousands digit of 61748?
1
What is the tens digit of 1497?
9
What is the hundreds digit of 90102?
1
What is the ten thousands digit of 36041?
3
What is the tens digit of 3059?
5
What is the hundreds digit of 806?
8
What is the tens digit of 31218?
1
What is the hundreds digit of 2248?
2
What is the units digit of 17462?
2
What is the thousands digit of 35257?
5
What is the ten thousands digit of 36797?
3
What is the hundreds digit of 679?
6
What is the thousands digit of 55791?
5
What is the hundreds digit of 165387?
3
What is the units digit of 6561?
1
What is the tens digit of 961?
6
What is the units digit of 4053?
3
What is the units digit of 1807?
7
What is the units digit of 168?
8
What is the tens digit of 3787?
8
What is the tens digit of 3836?
3
What is the hundreds digit of 80257?
2
What is the thousands digit of 9168?
9
What is the units digit of 30672?
2
What is the units digit of 3109?
9
What is the hundreds digit of 774?
7
What is the tens digit of 3831?
3
What is the tens digit of 659?
5
What is the hundreds digit of 1396?
3
What is the ten thousands digit of 29703?
2
What is the ten thousands digit of 10483?
1
What is the thousands digit of 58345?
8
What is the tens digit of 148570?
7
What is the hundreds digit of 2703?
7
What is the thousands digit of 1005?
1
What is the units digit of 2530?
0
What is the units digit of 68856?
6
What is the hundreds digit of 2347?
3
What is the units digit of 25037?
7
What is the thousands digit of 13737?
3
What is the units digit of 16764?
4
What is the tens digit of 4126?
2
What is the tens digit of 2474?
7
What is the thousands digit of 3178?
3
What is the tens digit of 17430?
3
What is the ten thousands digit of 22660?
2
What is the hundreds digit of 11513?
5
What is the tens digit of 2435?
3
What is the units digit of 21107?
7
What is the units digit of 6064?
4
What is the tens digit of 5204?
0
What is the hundreds digit of 107691?
6
What is the hundreds digit of 6607?
6
What is the units digit of 1134?
4
What is the units digit of 896?
6
What is the tens digit of 937?
3
What is the units digit of 9972?
2
What is the tens digit of 33710?
1
What is the hundreds digit of 10237?
2
What is the thousands digit of 3949?
3
What is the hundreds digit of 173?
1
What is the hundreds digit of 684?
6
What is the units digit of 3866?
6
What is the tens digit of 2122?
2
What is the tens digit of 58850?
5
What is the tens digit of 3083?
8
What is the hundreds digit of 29843?
8
What is the tens digit of 519?
1
What is the units digit of 4034?
4
What is the units digit of 428?
8
What is the tens digit of 415?
1
What is the hundreds digit of 6289?
2
What is the units digit of 44453?
3
What is the hundreds digit of 27687?
6
What is the tens digit of 830?
3
What is the hundreds digit of 45624?
6
What is the tens digit of 3756?
5
What is the ten thousands digit of 10462?
1
What is the tens digit of 407?
0
What is the tens digit of 48?
4
What is the units digit of 263?
3
What is the tens digit of 4052?
5
What is the tens digit of 548?
4
What is the tens digit of 141224?
2
What is the tens digit of 685?
8
What is the tens digit of 811?
1
What is the units digit of 3970?
0
What is the thousands digit of 4541?
4
What is the tens digit of 1130?
3
What is the hundreds digit of 496?
4
What is the tens digit of 117875?
7
What is the units digi